{"id":1528,"date":"2016-12-22T19:37:36","date_gmt":"2016-12-22T19:37:36","guid":{"rendered":"https:\/\/frelighsburg.com\/wp-content\/uploads\/2016\/12\/Calendrier-hebdomadaire-de-collecte-des-ordures-m\u00e9nag\u00e8res-et-des-mati\u00e8res-recyclables-2017.pdf"},"modified":"2016-12-22T19:42:36","modified_gmt":"2016-12-22T19:42:36","slug":"calendrier-hebdomadaire-de-collecte-des-ordures-menageres-et-des-matieres-recyclables-2017","status":"inherit","type":"attachment","link":"https:\/\/frelighsburg.ca\/en\/services\/collecte-dordures\/calendrier-hebdomadaire-de-collecte-des-ordures-menageres-et-des-matieres-recyclables-2017\/","title":{"rendered":"Calendrier-hebdomadaire-de-collecte-des-ordures-m\u00e9nag\u00e8res-et-des-mati\u00e8res-recyclables-2017"},"author":1,"featured_media":0,"comment_status":"closed","ping_status":"closed","template":"","meta":{"_acf_changed":false,"_monsterinsights_skip_tracking":false,"_monsterinsights_sitenote_active":false,"_monsterinsights_sitenote_note":"","_monsterinsights_sitenote_category":0},"class_list":["post-1528","attachment","type-attachment","status-inherit","hentry"],"acf":[],"aioseo_notices":[],"jetpack_sharing_enabled":true,"description":{"rendered":"<p class=\"attachment\"><a href='https:\/\/frelighsburg.ca\/wp-content\/uploads\/2016\/12\/Calendrier-hebdomadaire-de-collecte-des-ordures-m\u00e9nag\u00e8res-et-des-mati\u00e8res-recyclables-2017.pdf'>Calendrier-hebdomadaire-de-collecte-des-ordures-m\u00e9nag\u00e8res-et-des-mati\u00e8res-recyclables-2017<\/a><\/p>\n"},"caption":{"rendered":"<p>Calendrier-hebdomadaire-de-collecte-des-ordures-m\u00e9nag\u00e8res-et-des-mati\u00e8res-recyclables-2017<\/p>\n"},"alt_text":"","media_type":"file","mime_type":"application\/pdf","media_details":{},"post":359,"source_url":"https:\/\/frelighsburg.ca\/wp-content\/uploads\/2016\/12\/Calendrier-hebdomadaire-de-collecte-des-ordures-m\u00e9nag\u00e8res-et-des-mati\u00e8res-recyclables-2017.pdf","_links":{"self":[{"href":"https:\/\/frelighsburg.ca\/en\/wp-json\/wp\/v2\/media\/1528","targetHints":{"allow":["GET"]}}],"collection":[{"href":"https:\/\/frelighsburg.ca\/en\/wp-json\/wp\/v2\/media"}],"about":[{"href":"https:\/\/frelighsburg.ca\/en\/wp-json\/wp\/v2\/types\/attachment"}],"author":[{"embeddable":true,"href":"https:\/\/frelighsburg.ca\/en\/wp-json\/wp\/v2\/users\/1"}],"replies":[{"embeddable":true,"href":"https:\/\/frelighsburg.ca\/en\/wp-json\/wp\/v2\/comments?post=1528"}],"wp:attached-to":[{"embeddable":true,"post_type":"page","id":359,"href":"https:\/\/frelighsburg.ca\/en\/wp-json\/wp\/v2\/pages\/359"}],"curies":[{"name":"wp","href":"https:\/\/api.w.org\/{rel}","templated":true}]}}

https://frelighsburg.com/wp-content/uploads/2016/12/Calendrier-hebdomadaire-de-collecte-des-ordures-ménagères-et-des-matières-recyclables-2017.pdf

Calendrier-hebdomadaire-de-collecte-des-ordures-ménagères-et-des-matières-recyclables-2017

<p class="attachment"><a href='https://frelighsburg.ca/wp-content/uploads/2016/12/Calendrier-hebdomadaire-de-collecte-des-ordures-ménagères-et-des-matières-recyclables-2017.pdf'>Calendrier-hebdomadaire-de-collecte-des-ordures-ménagères-et-des-matières-recyclables-2017</a></p>

<p>Calendrier-hebdomadaire-de-collecte-des-ordures-ménagères-et-des-matières-recyclables-2017</p>

https://frelighsburg.ca/wp-content/uploads/2016/12/Calendrier-hebdomadaire-de-collecte-des-ordures-ménagères-et-des-matières-recyclables-2017.pdf
