{"id":4501,"date":"2019-07-12T15:59:09","date_gmt":"2019-07-12T15:59:09","guid":{"rendered":"https:\/\/frelighsburg.com\/wp-content\/uploads\/2019\/07\/Avis-public-S\u00e9ance-sp\u00e9ciale-15-juillet-2019-20190712_page-0001.jpg"},"modified":"2019-07-12T15:59:09","modified_gmt":"2019-07-12T15:59:09","slug":"avis-public-seance-speciale-15-juillet-2019-20190712_page-0001","status":"inherit","type":"attachment","link":"https:\/\/frelighsburg.ca\/en\/avis-public-seance-speciale-15-juillet-2019-20190712_page-0001\/","title":{"rendered":"Avis public &#8211; S\u00e9ance sp\u00e9ciale 15 juillet 2019 &#8211; 20190712_page-0001"},"author":7,"featured_media":0,"comment_status":"closed","ping_status":"closed","template":"","meta":{"_acf_changed":false,"_monsterinsights_skip_tracking":false,"_monsterinsights_sitenote_active":false,"_monsterinsights_sitenote_note":"","_monsterinsights_sitenote_category":0},"class_list":["post-4501","attachment","type-attachment","status-inherit","hentry"],"acf":[],"aioseo_notices":[],"jetpack_sharing_enabled":true,"description":{"rendered":"<p class=\"attachment\"><a href='https:\/\/frelighsburg.ca\/wp-content\/uploads\/2019\/07\/Avis-public-S\u00e9ance-sp\u00e9ciale-15-juillet-2019-20190712_page-0001.jpg'><img loading=\"lazy\" decoding=\"async\" width=\"232\" height=\"300\" src=\"https:\/\/frelighsburg.ca\/wp-content\/uploads\/2019\/07\/Avis-public-S\u00e9ance-sp\u00e9ciale-15-juillet-2019-20190712_page-0001-232x300.jpg\" class=\"attachment-medium size-medium\" alt=\"\" srcset=\"https:\/\/frelighsburg.ca\/wp-content\/uploads\/2019\/07\/Avis-public-S\u00e9ance-sp\u00e9ciale-15-juillet-2019-20190712_page-0001-232x300.jpg 232w, https:\/\/frelighsburg.ca\/wp-content\/uploads\/2019\/07\/Avis-public-S\u00e9ance-sp\u00e9ciale-15-juillet-2019-20190712_page-0001-768x994.jpg 768w, https:\/\/frelighsburg.ca\/wp-content\/uploads\/2019\/07\/Avis-public-S\u00e9ance-sp\u00e9ciale-15-juillet-2019-20190712_page-0001-791x1024.jpg 791w, https:\/\/frelighsburg.ca\/wp-content\/uploads\/2019\/07\/Avis-public-S\u00e9ance-sp\u00e9ciale-15-juillet-2019-20190712_page-0001.jpg 1275w\" sizes=\"auto, (max-width: 232px) 100vw, 232px\" \/><\/a><\/p>\n"},"caption":{"rendered":""},"alt_text":"","media_type":"image","mime_type":"image\/jpeg","media_details":{"width":1275,"height":1650,"file":"2019\/07\/Avis-public-S\u00e9ance-sp\u00e9ciale-15-juillet-2019-20190712_page-0001.jpg","sizes":{"thumbnail":{"file":"Avis-public-S\u00e9ance-sp\u00e9ciale-15-juillet-2019-20190712_page-0001-150x150.jpg","width":150,"height":150,"mime_type":"image\/jpeg","source_url":"https:\/\/frelighsburg.ca\/wp-content\/uploads\/2019\/07\/Avis-public-S\u00e9ance-sp\u00e9ciale-15-juillet-2019-20190712_page-0001-150x150.jpg"},"medium":{"file":"Avis-public-S\u00e9ance-sp\u00e9ciale-15-juillet-2019-20190712_page-0001-232x300.jpg","width":232,"height":300,"mime_type":"image\/jpeg","source_url":"https:\/\/frelighsburg.ca\/wp-content\/uploads\/2019\/07\/Avis-public-S\u00e9ance-sp\u00e9ciale-15-juillet-2019-20190712_page-0001-232x300.jpg"},"medium_large":{"file":"Avis-public-S\u00e9ance-sp\u00e9ciale-15-juillet-2019-20190712_page-0001-768x994.jpg","width":768,"height":994,"mime_type":"image\/jpeg","source_url":"https:\/\/frelighsburg.ca\/wp-content\/uploads\/2019\/07\/Avis-public-S\u00e9ance-sp\u00e9ciale-15-juillet-2019-20190712_page-0001-768x994.jpg"},"large":{"file":"Avis-public-S\u00e9ance-sp\u00e9ciale-15-juillet-2019-20190712_page-0001-791x1024.jpg","width":791,"height":1024,"mime_type":"image\/jpeg","source_url":"https:\/\/frelighsburg.ca\/wp-content\/uploads\/2019\/07\/Avis-public-S\u00e9ance-sp\u00e9ciale-15-juillet-2019-20190712_page-0001-791x1024.jpg"},"rpwe-thumbnail":{"file":"Avis-public-S\u00e9ance-sp\u00e9ciale-15-juillet-2019-20190712_page-0001-45x45.jpg","width":45,"height":45,"mime_type":"image\/jpeg","source_url":"https:\/\/frelighsburg.ca\/wp-content\/uploads\/2019\/07\/Avis-public-S\u00e9ance-sp\u00e9ciale-15-juillet-2019-20190712_page-0001-45x45.jpg"},"full":{"file":"Avis-public-S\u00e9ance-sp\u00e9ciale-15-juillet-2019-20190712_page-0001.jpg","width":1275,"height":1650,"mime_type":"image\/jpeg","source_url":"https:\/\/frelighsburg.ca\/wp-content\/uploads\/2019\/07\/Avis-public-S\u00e9ance-sp\u00e9ciale-15-juillet-2019-20190712_page-0001.jpg"}},"image_meta":{"aperture":"0","credit":"","camera":"","caption":"","created_timestamp":"0","copyright":"","focal_length":"0","iso":"0","shutter_speed":"0","title":"","orientation":"0","keywords":[]}},"post":null,"source_url":"https:\/\/frelighsburg.ca\/wp-content\/uploads\/2019\/07\/Avis-public-S\u00e9ance-sp\u00e9ciale-15-juillet-2019-20190712_page-0001.jpg","_links":{"self":[{"href":"https:\/\/frelighsburg.ca\/en\/wp-json\/wp\/v2\/media\/4501","targetHints":{"allow":["GET"]}}],"collection":[{"href":"https:\/\/frelighsburg.ca\/en\/wp-json\/wp\/v2\/media"}],"about":[{"href":"https:\/\/frelighsburg.ca\/en\/wp-json\/wp\/v2\/types\/attachment"}],"author":[{"embeddable":true,"href":"https:\/\/frelighsburg.ca\/en\/wp-json\/wp\/v2\/users\/7"}],"replies":[{"embeddable":true,"href":"https:\/\/frelighsburg.ca\/en\/wp-json\/wp\/v2\/comments?post=4501"}]}}

https://frelighsburg.com/wp-content/uploads/2019/07/Avis-public-Séance-spéciale-15-juillet-2019-20190712_page-0001.jpg

Avis public &#8211; Séance spéciale 15 juillet 2019 &#8211; 20190712_page-0001

<p class="attachment"><a href='https://frelighsburg.ca/wp-content/uploads/2019/07/Avis-public-Séance-spéciale-15-juillet-2019-20190712_page-0001.jpg'><img loading="lazy" decoding="async" width="232" height="300" src="https://frelighsburg.ca/wp-content/uploads/2019/07/Avis-public-Séance-spéciale-15-juillet-2019-20190712_page-0001-232x300.jpg" class="attachment-medium size-medium" alt="" srcset="https://frelighsburg.ca/wp-content/uploads/2019/07/Avis-public-Séance-spéciale-15-juillet-2019-20190712_page-0001-232x300.jpg 232w, https://frelighsburg.ca/wp-content/uploads/2019/07/Avis-public-Séance-spéciale-15-juillet-2019-20190712_page-0001-768x994.jpg 768w, https://frelighsburg.ca/wp-content/uploads/2019/07/Avis-public-Séance-spéciale-15-juillet-2019-20190712_page-0001-791x1024.jpg 791w, https://frelighsburg.ca/wp-content/uploads/2019/07/Avis-public-Séance-spéciale-15-juillet-2019-20190712_page-0001.jpg 1275w" sizes="auto, (max-width: 232px) 100vw, 232px" /></a></p>

2019/07/Avis-public-Séance-spéciale-15-juillet-2019-20190712_page-0001.jpg

Avis-public-Séance-spéciale-15-juillet-2019-20190712_page-0001-150x150.jpg

https://frelighsburg.ca/wp-content/uploads/2019/07/Avis-public-Séance-spéciale-15-juillet-2019-20190712_page-0001-150x150.jpg

Avis-public-Séance-spéciale-15-juillet-2019-20190712_page-0001-232x300.jpg

https://frelighsburg.ca/wp-content/uploads/2019/07/Avis-public-Séance-spéciale-15-juillet-2019-20190712_page-0001-232x300.jpg

Avis-public-Séance-spéciale-15-juillet-2019-20190712_page-0001-768x994.jpg

https://frelighsburg.ca/wp-content/uploads/2019/07/Avis-public-Séance-spéciale-15-juillet-2019-20190712_page-0001-768x994.jpg

Avis-public-Séance-spéciale-15-juillet-2019-20190712_page-0001-791x1024.jpg

https://frelighsburg.ca/wp-content/uploads/2019/07/Avis-public-Séance-spéciale-15-juillet-2019-20190712_page-0001-791x1024.jpg

Avis-public-Séance-spéciale-15-juillet-2019-20190712_page-0001-45x45.jpg

https://frelighsburg.ca/wp-content/uploads/2019/07/Avis-public-Séance-spéciale-15-juillet-2019-20190712_page-0001-45x45.jpg

Avis-public-Séance-spéciale-15-juillet-2019-20190712_page-0001.jpg

https://frelighsburg.ca/wp-content/uploads/2019/07/Avis-public-Séance-spéciale-15-juillet-2019-20190712_page-0001.jpg
